+ 1. Let n be d(-14). Let l = 553 - n. What is the units digit of l?
0
Suppose 5*a + 3851 = 19651. Suppose -6*u = -2*u - a. What is the tens digit of u/(-5)*1/(-2)?
7
Let y be 34/10 + (-6)/15. Suppose -3*b + 17 = 5*o, o - 3*b - 19 = -y*o. Suppose 3*u + 409 = 5*l, o*l - 340 = -u - 3*u. What is the units digit of l?
3
Suppose 806 + 10855 = 4*t - 5*o, 3*o + 5829 = 2*t. Suppose -23*s + t = -20*s. What is the tens digit of s?
7
Suppose f + 6 = 0, 69*f - 6780 = -s + 66*f. What is the units digit of s?
8
Let z(y) be the first derivative of -y**3/3 + 37*y**2/2 + 19*y + 103. What is the units digit of z(33)?
1
Suppose c - 10 = 3*c. Let s be (95/(-57))/(1/(-3)). What is the tens digit of -2 - (-338)/s - (-3)/c?
6
Let z be 1/(2 - 3) + (184 - -19). Let m = z + -89. What is the tens digit of m?
1
Let l(j) = j**3 - 3*j**2 + 3. Let h be l(0). Suppose 126 - 8 = p - 4*c, h*p - 367 = -c. What is the tens digit of p?
2
Suppose 0 = 3*d - 12*d + 5382. Let f = d - 188. What is the units digit of f?
0
Suppose 0 = -3*a + 3*d + 98954 + 583, 4*a - 2*d = 132726. What is the tens digit of a?
8
Let v(c) = c**3 + 14*c**2 + 14*c + 32. Suppose -5*d = 0, -4*d + 52 = -2*b - 0*d. Let t be b/(3 - 2/2). What is the tens digit of v(t)?
1
Let q be 0*((-12)/4)/(-6). Suppose q = -3*o + 6*o - 342. Suppose -147 = -3*v + o. What is the tens digit of v?
8
Suppose -5*i - 47 = -2*j, -13 = -2*j + 3*i + 36. Suppose 3*m - j - 7 = 0. What is the units digit of m?
1
Let i = 29024 + -11858. What is the hundreds digit of i?
1
Suppose -4*f + 15 - 35 = 0. What is the units digit of (421/5)/(130/25 + f)?
1
Suppose -g = 14*g - 60. Suppose -g*h + 500 = b - 565, 0 = -h + 5*b + 240. What is the hundreds digit of h?
2
Let c = 26654 + -8251. What is the tens digit of c?
0
Suppose -17*z + 17077 = -16027 - 5775. What is the hundreds digit of z?
2
What is the units digit of (-42931)/35*(-3 - 2)?
3
Suppose 3*h - 5*c - 2360 = 0, -5*c + 2*c + 3990 = 5*h. Let n = h + -473. Suppose 10*p - n = 258. What is the units digit of p?
8
Suppose -2*h + 3*w + 32 = -h, -3*h + 75 = -2*w. Let n = h - -742. What is the tens digit of n?
6
Let u(s) be the first derivative of -23*s**3/2 - s**2/2 + 25*s + 28. Let q(v) be the first derivative of u(v). What is the hundreds digit of q(-3)?
2
Suppose -a = 23*x - 22*x - 3734, 0 = 10*x + 2*a - 37388. What is the hundreds digit of x?
7
Suppose -11*c - y = -10*c - 2303, -2323 = -c + 3*y. Suppose 11508 = 10*r + c. What is the hundreds digit of r?
9
Suppose 4*y + 0*y + 16 = 2*p, -5*p + 1 = 3*y. What is the units digit of ((-427)/(-14))/(p/12)?
3
Let z = 448 - -568. Suppose 3*j - 2*a - 29 = z, -2*j + 5*a + 704 = 0. What is the tens digit of j?
4
Let c = 54 + -43. What is the tens digit of 4094/c - (36/(-44) - -1)?
7
Let l(o) = o**2 - 12*o - 43. Let a be l(15). What is the hundreds digit of 23341/51 - ((-5)/(-3) - a)?
4
Let r(w) = -2*w**2 - 28*w + 17. Suppose 3*q + 33 = 3*x, 2*x = -4*q - x - 65. Let j be r(q). Suppose j = -k + 162. What is the tens digit of k?
4
Let w(y) = -63*y**3 + 2*y + 1. Let u = 70 - 71. Let f be w(u). Suppose f = s - m, -3*m + 4 = 7. What is the tens digit of s?
6
Let g = 530 - 791. Let k = 919 + g. Suppose 0*f = 7*f - k. What is the tens digit of f?
9
What is the ten thousands digit of (-85 - 3)*((-893)/188)/(1/24)?
1
Let q = -14912 + 23855. What is the hundreds digit of q?
9
Let u(k) be the second derivative of -493*k**3/6 - 15*k**2/2 + 91*k. What is the tens digit of u(-2)?
7
Suppose -351*z + 153180 = -339*z. What is the hundreds digit of z?
7
Let r be 1267/9 + 2/9. Let l(q) = -q**3 + q**2 - 26*q - 237. Let j be l(-6). Suppose -12*c + j = -r. What is the units digit of c?
6
Let o = -11762 - -28007. What is the units digit of o?
5
Let y = 83 + -47. Suppose 4*d + 855 = 5*h - 0*h, -3*d = -4*h + 685. Suppose -k - y = -h. What is the hundreds digit of k?
1
Let n(h) = 12*h - 19. Suppose 93*v + 5 = 94*v. Let r be n(v). Suppose 39*x = r*x - 152. What is the units digit of x?
6
What is the hundreds digit of 2/(-10) + (-26)/(-130) - (0 - 18201)?
2
What is the units digit of 178195/(-20)*224/(-48) - 3/(-18)?
9
Let x be 106*(-5 + (-21)/(-6)). Let z(t) = -26*t - 1. Let o be z(4). Let p = o - x. What is the tens digit of p?
5
Let m = -2740 - -4296. Suppose -440 = 2*s - m. What is the hundreds digit of s?
5
Let c = 29 + -25. Suppose 0 = c*m - 20, -4*t + m = -m + 22. Let u(s) = -3*s**3 - 2*s**2 - s. What is the units digit of u(t)?
6
Let w be ((-7)/(-4) - 2)/((-3)/84). Suppose 1772 = w*c - 202. What is the units digit of c?
2
What is the units digit of 2/(((-15)/210*14)/(53962/(-4)))?
1
Let r(m) be the second derivative of -m**3/2 + 7*m**2 - 4*m. Let t be r(3). Suppose 25 = -t*c + 210. What is the units digit of c?
7
Suppose 280 = 4*m - 0*m. Suppose -m - 630 = -4*y. Suppose 26 + y = 3*c. What is the tens digit of c?
6
What is the hundreds digit of 503940/165 + -23 + 2/(-11)?
0
Let s be -28*(-8)/((-96)/(-9)). What is the hundreds digit of (-13)/(-91)*s - -167*1?
1
Suppose -14 = -5*b + 261. Let g = b + -52. Suppose 3*h + 21 = x + h, -5*x + g*h + 119 = 0. What is the units digit of x?
5
Suppose -21 = -3*o, -11*t + 4*o + 49270 = -9*t. What is the tens digit of t?
4
Let f be 8/6*(78 + -9). Suppose -2*z = -l + 57, -3*l + f + 95 = 2*z. Suppose -8*h + l = -99. What is the tens digit of h?
2
Suppose 41*j - 51554 = 38*j + 4*b, 5*b = -3*j + 51482. What is the thousands digit of j?
7
Let z = -216 + 276. Let u be 2/(-2)*(-2 + 1). Suppose -z = -y + u. What is the units digit of y?
1
Suppose 5*h - 1860 = -u, 1857 = 4*h + u + 368. What is the units digit of h?
1
Let t(z) = 2*z**3 + 28*z**2 + 15*z - 4. Let d = -57 - -70. Suppose a + d = -0. What is the units digit of t(a)?
9
Let s(c) = 11*c - 7. Let y(u) = -22*u + 15. Let z(a) = -15*s(a) - 6*y(a). What is the tens digit of z(-2)?
8
Let h(r) = -19*r**2 - 4*r - 5. Let x be h(-2). Let g = x + 132. Suppose -5*n - 4*c + g = -4*n, 2*c = -2*n + 88. What is the units digit of n?
9
Let a(x) = -8136*x + 12757. What is the units digit of a(-3)?
5
Suppose b - 58 = -5*v, -11*v + 15*v + 232 = 5*b. Suppose b*s - 20960 = 28*s. What is the units digit of s?
8
Let f(d) = d**3 - 3*d**2 + 6*d - 15. Suppose 4*m - 153 = -133. What is the units digit of f(m)?
5
What is the thousands digit of -6 + (920940/100)/((-5)/(-25))?
6
What is the hundreds digit of (-153 - 2/(-1))/(21/(-819))?
8
Let w = -68658 - -120395. What is the hundreds digit of w?
7
Let s(d) = 34*d + 224. Let h be s(-7). Let w(z) = -z**3 - 8*z**2 + 34*z + 38. What is the units digit of w(h)?
8
Let b(l) = 2*l + 1. Let s(r) = -96*r - 6. Let g(f) = -10*b(f) - s(f). What is the tens digit of g(1)?
7
Let a(k) = k**3 + k**2 - k + 1. Let w(c) = -3*c**3 - 12*c**2 - 7*c + 4. Let d(q) = 2*a(q) + w(q). Let n be d(-9). What is the units digit of 2*(-55)/n*-3?
5
Let k(z) = 1240*z + 2501. What is the units digit of k(31)?
1
Suppose -35222 = -10*t - 17*t + 5*t. What is the tens digit of t?
0
Let q be ((-2562)/4)/((-3)/4) + 0. Let n = q + -234. Suppose 4*c + 415 = 6*c + 3*h, 5*h - n = -3*c. What is the tens digit of c?
1
Let r(m) = -3*m**2 - 5*m - 2. Let i be r(-2). Let z be i + 4 + 1 + 185. Suppose -p + v + z = 10, 4*v + 356 = 2*p. What is the units digit of p?
4
Suppose 0 = 6*d - 3*d + 36. Let p = d + 20. Suppose -756 = -15*o + p*o. What is the tens digit of o?
0
Let n be (-48)/(-3*(-1)/(-38)). Suppose t = -t + n. What is the hundreds digit of t?
3
Let u(s) = 29 - 4*s + 4*s - 14 + 9*s + 5*s**2. Let w(c) = 11*c**2 + 17*c + 31. Let b(y) = -9*u(y) + 4*w(y). What is the tens digit of b(-5)?
2
Let m = 652 - 447. Suppose 0 = -9*h + 38*h - 4002. Let q = m - h. What is the units digit of q?
7
Let p be ((-171)/36 - -5) + (-78)/(-8). What is the units digit of p + -6 + (-2082)/(-2)?
5
Let b = 19841 + -15525. What is the units digit of b?
6
What is the tens digit of (-458100)/(-25 + 7) - -4?
5
Let k(p) = -p**3 - 8*p**2 - p. Let q be k(-8). Suppose 0 = -d + 12 - q. Suppose -5*s = -0*j + d*j - 337, 4*s = 5*j + 245. What is the tens digit of s?
6
Let x be (-10263)/(-18) - 1/6. Let u = -845 - -1420. Suppose -3*k = -5*s - 5*k + u, -3*k + x = 5*s. What is the tens digit of s?
1
Suppose 3*f + 3*s + 9 = 0, 4*s - 2*s + 6 = 3*f. Suppose f = 4*t - 150 - 26. Suppose p - 2*p - 197 = -4*i, i - t = -5*p. What is the units digit of i?
9
Let d = 